 are the prime factors of 46095?
3, 5, 7, 439
List the prime factors of 338665.
5, 67733
List the prime factors of 25507321.
7, 179, 20357
List the prime factors of 1805388.
2, 3, 13, 71, 163
List the prime factors of 1728670.
2, 5, 172867
List the prime factors of 487229.
29, 53, 317
What are the prime factors of 114942?
2, 3, 19157
List the prime factors of 7660463.
181, 42323
What are the prime factors of 2698158?
2, 3, 449693
What are the prime factors of 579927?
3, 61, 3169
List the prime factors of 5741261.
5741261
What are the prime factors of 8500172?
2, 2125043
List the prime factors of 1133571.
3, 79, 4783
What are the prime factors of 1871128?
2, 7, 33413
What are the prime factors of 6052207?
7, 43, 20107
List the prime factors of 4197963.
3, 7, 11, 17, 1069
List the prime factors of 11217.
3, 3739
List the prime factors of 5989129.
283, 21163
What are the prime factors of 125008?
2, 13, 601
What are the prime factors of 988685?
5, 79, 2503
List the prime factors of 336629.
31, 10859
List the prime factors of 3012351.
3, 1004117
What are the prime factors of 1805926?
2, 902963
What are the prime factors of 2976071?
7, 17, 89, 281
List the prime factors of 4308409.
7, 211, 2917
List the prime factors of 148927.
148927
What are the prime factors of 6579714?
2, 3, 17, 251, 257
List the prime factors of 156576.
2, 3, 7, 233
What are the prime factors of 92812?
2, 23203
List the prime factors of 210935.
5, 42187
List the prime factors of 14214.
2, 3, 23, 103
What are the prime factors of 677347?
11, 139, 443
List the prime factors of 2943170.
2, 5, 294317
List the prime factors of 5869065.
3, 5, 521, 751
List the prime factors of 5334240.
2, 3, 5, 11113
List the prime factors of 841687.
7, 11, 17, 643
What are the prime factors of 201227?
13, 23, 673
What are the prime factors of 1401574?
2, 23, 30469
List the prime factors of 2932019.
97, 167, 181
List the prime factors of 2211554.
2, 683, 1619
List the prime factors of 6230117.
2377, 2621
List the prime factors of 2742638.
2, 47, 163, 179
What are the prime factors of 150883?
150883
List the prime factors of 109333.
7, 15619
List the prime factors of 120198.
2, 3, 13, 23, 67
What are the prime factors of 22832060?
2, 5, 89, 101, 127
List the prime factors of 1382140.
2, 5, 29, 2383
What are the prime factors of 130999?
11, 11909
List the prime factors of 548354.
2, 274177
What are the prime factors of 371562?
2, 3, 61927
List the prime factors of 1814251.
173, 10487
List the prime factors of 97295.
5, 11, 29, 61
List the prime factors of 13811239.
13, 107, 9929
List the prime factors of 874487.
874487
What are the prime factors of 358786?
2, 179393
What are the prime factors of 508264?
2, 63533
What are the prime factors of 356497?
19, 29, 647
List the prime factors of 372148.
2, 7, 13291
What are the prime factors of 442457?
442457
What are the prime factors of 23198?
2, 7, 1657
List the prime factors of 11963702.
2, 5981851
List the prime factors of 4791120.
2, 3, 5, 19963
What are the prime factors of 12978518?
2, 7, 43, 21559
List the prime factors of 252998.
2, 126499
List the prime factors of 109087.
11, 47, 211
What are the prime factors of 47116?
2, 11779
List the prime factors of 1225520.
2, 5, 15319
List the prime factors of 12028740.
2, 3, 5, 433, 463
What are the prime factors of 358366?
2, 59, 3037
What are the prime factors of 397863?
3, 44207
What are the prime factors of 284324?
2, 71081
List the prime factors of 156598.
2, 13, 19, 317
What are the prime factors of 297427?
13, 137, 167
What are the prime factors of 763998?
2, 3, 223, 571
List the prime factors of 3621027.
3, 29, 41621
List the prime factors of 2844622.
2, 11, 31, 43, 97
List the prime factors of 5150996.
2, 1287749
What are the prime factors of 170170?
2, 5, 7, 11, 13, 17
What are the prime factors of 667?
23, 29
List the prime factors of 679334.
2, 31, 10957
What are the prime factors of 414137?
17, 1433
What are the prime factors of 1491113?
13, 23, 4987
What are the prime factors of 3019347?
3, 19, 17657
List the prime factors of 1060072.
2, 13, 10193
List the prime factors of 645823.
31, 83, 251
What are the prime factors of 511734?
2, 3, 17, 29, 173
What are the prime factors of 5461646?
2, 2730823
List the prime factors of 65469.
3, 139, 157
List the prime factors of 514384.
2, 13, 2473
What are the prime factors of 1530688?
2, 23917
What are the prime factors of 96978?
2, 3, 7, 2309
What are the prime factors of 20066300?
2, 5, 31, 6473
List the prime factors of 164926.
2, 82463
What are the prime factors of 345096?
2, 3, 4793
List the prime factors of 4482721.
4482721
What are the prime factors of 20540472?
2, 3, 23, 127, 293
What are the prime factors of 351736?
2, 7, 11, 571
List the prime factors of 166175.
5, 17, 23
What are the prime factors of 2703726?
2, 3, 50069
List the prime factors of 390931.
23, 739
What are the prime factors of 5485215?
3, 5, 503, 727
List the prime factors of 1057160.
2, 5, 13, 19, 107
What are the prime factors of 530731?
530731
What are the prime factors of 1113812?
2, 7, 39779
List the prime factors of 1605827.
89, 18043
What are the prime factors of 15720299?
7, 263, 8539
What are the prime factors of 1038559?
19, 47, 1163
What are the prime factors of 100126?
2, 13, 3851
List the prime factors of 594939.
3, 198313
List the prime factors of 10070352.
2, 3, 23311
What are the prime factors of 276073?
7, 39439
What are the prime factors of 5885720?
2, 5, 269, 547
What are the prime factors of 1668309?
3, 556103
List the prime factors of 315379.
173, 1823
What are the prime factors of 12465686?
2, 6232843
What are the prime factors of 406437?
3, 135479
List the prime factors of 127966.
2, 109, 587
List the prime factors of 1780039.
23, 193, 401
List the prime factors of 477545.
5, 149, 641
What are the prime factors of 272647?
47, 5801
List the prime factors of 1996163.
13, 97, 1583
List the prime factors of 5011526.
2, 13, 14827
List the prime factors of 20998374.
2, 3, 541, 6469
What are the prime factors of 491619?
3, 37, 43, 103
List the prime factors of 19385545.
5, 53, 191, 383
List the prime factors of 35411388.
2, 3, 2950949
List the prime factors of 371557.
569, 653
List the prime factors of 1672905.
3, 5, 13, 23, 373
What are the prime factors of 2171045?
5, 434209
List the prime factors of 247380.
2, 3, 5, 7, 19, 31
List the prime factors of 185908.
2, 46477
List the prime factors of 395611.
395611
What are the prime factors of 4247463?
3, 11, 11701
List the prime factors of 6723693.
3, 419, 1783
List the prime factors of 1433738.
2, 716869
What are the prime factors of 11962935?
3, 5, 29, 89, 103
List the prime factors of 4615856.
2, 7, 41213
What are the prime factors of 6023304?
2, 3, 7, 17, 19, 37
List the prime factors of 1966826.
2, 31, 31723
List the prime factors of 646222.
2, 103, 3137
List the prime factors of 27981696.
2, 3, 72869
List the prime factors of 949863.
3, 316621
What are the prime factors of 723800?
2, 5, 7, 11, 47
What are the prime factors of 337489?
337489
List the prime factors of 4727679.
3, 11, 143263
What are the prime factors of 116076?
2, 3, 17, 569
List the prime factors of 76748.
2, 7, 2741
What are the prime factors of 1093000?
2, 5, 1093
What are the prime factors of 1243964?
2, 307, 1013
What are the prime factors of 246999?
3, 281, 293
What are the prime factors of 80541?
3, 19, 157
List the prime factors of 2404863.
3, 89069
What are the prime factors of 19415379?
3, 127, 131, 389
What are the prime factors of 10604356?
2, 7, 19, 31, 643
What are the prime factors of 32720273?
32720273
What are the prime factors of 368812?
2, 92203
What are the prime factors of 3457881?
3, 7, 7841
What are the prime factors of 16495890?
2, 3, 5, 549863
List the prime factors of 17722487.
659, 26893
List the prime factors of 39257.
37, 1061
What are the prime factors of 329391?
3, 36599
What are the prime factors of 922587?
3, 307529
List the prime factors of 98205.
3, 5, 6547
List the prime factors of 518014.
2, 7, 163, 227
What are the prime factors of 783987?
3, 261329
List the prime factors of 881644.
2, 220411
List the prime factors of 5567707.
503, 11069
What are the prime factors of 21009?
3, 47, 149
List the prime fact